2*h**2. What is the units digit of p(-2)?
9
Let f(h) be the third derivative of h**5/15 - h**4/24 + h**2. Let a = -6 - -7. What is the units digit of f(a)?
3
Suppose 2 = -r + 4. Suppose 4*f - r*f = x + 17, -3*f = -x - 25. What is the units digit of f?
8
Let q(s) = s**2 - 10*s + 5. Let x be q(10). Suppose -4*v + 77 - 18 = -x*z, 4*v - 62 = 2*z. What is the units digit of v?
6
Suppose j + 3*d = -16 + 2, 0 = -4*j - 2*d - 16. Let x = j - -3. Let u = x + 2. What is the units digit of u?
3
What is the tens digit of -3 + (-1 - 0) - -45?
4
Suppose 5*f - 100 = -4*g + 524, 3*f - 2*g = 392. What is the tens digit of f?
2
Let s(w) be the second derivative of -w**4/12 + 4*w**3/3 + 5*w**2 - 2*w. What is the units digit of s(9)?
1
Suppose -7 = -3*k + 2. What is the units digit of (k + -2)*(-98)/(-2)?
9
Let a(s) = 13*s**2 + 39*s + 17. Let t(r) = -9*r**2 - 26*r - 11. Let b(m) = 5*a(m) + 7*t(m). What is the units digit of b(-8)?
2
Let o be 58/6 - (-6)/(-9). Let p = 1 - o. Let x = -2 - p. What is the units digit of x?
6
Let i(h) = -3*h**2 + 3*h. Let w be i(4). What is the units digit of (-3)/6*(w - -2)?
7
Suppose -4*z + 14 = -3*v + 5*v, 4*z - 26 = 2*v. Let x = -4 - v. Let i = 6 + x. What is the units digit of i?
5
Let o(p) = p**2 + p + 3. Let c be o(4). Let f = -10 + c. What is the units digit of f?
3
Let l(j) = -j**3 + 6*j**2 - j + 6. Let t be l(6). Suppose -5*c + 80 = -t*c. Suppose -u - c = -3*u. What is the units digit of u?
8
Let n(p) = p**2 + 5*p - 8. Let g(x) = 2*x**2 + 10*x - 15. Let c(u) = 3*g(u) - 5*n(u). What is the units digit of c(-7)?
9
Suppose 5*f - 625 = -5*z, 0 = 4*f + f - 5*z - 645. What is the hundreds digit of f?
1
Let c = 330 - 182. What is the tens digit of c?
4
Let s(n) = n**2 + 2. Let a be (-4 - -1) + 9 + -9. What is the tens digit of s(a)?
1
Suppose 4*v + 5*b = 162, -3*v - b = 4*b - 124. What is the tens digit of v?
3
What is the hundreds digit of 388*((-4)/32)/(1/(-4))?
1
Let g be (1 - -1 - -1) + 7. Let i be 1 - 0 - (5 + -2). Let v = g + i. What is the units digit of v?
8
Let j be ((-198)/(-77))/(2/(-14)). Let q be (-164)/9 + (-4)/j. Let k = 33 + q. What is the units digit of k?
5
Let q(n) be the third derivative of n**5/12 - n**4/12 - n**3/6 - 2*n**2. Let g = 2 + -3. What is the units digit of q(g)?
6
Suppose 0 = -4*y + 2*s + 534, 0 = -4*y - 4*s + 759 - 195. What is the tens digit of y?
3
Suppose -d - 2*d = -24. Let y = 2 - d. What is the units digit of (-32)/(-14) - y/(-21)?
2
Suppose 2*k + 403 = -257. What is the units digit of (-6)/27 - k/27?
2
What is the units digit of (8 - -85) + 1/1?
4
Let b(y) = -2*y + 4. Let q be b(-4). Suppose -4*k = -2*x + 18, -4*k - q - 9 = -5*x. Let c(a) = a**2 + 3*a + 4. What is the units digit of c(k)?
8
Suppose 74*z - 78*z + 1200 = 0. What is the tens digit of z?
0
Let k = -2 - -19. What is the units digit of k?
7
Suppose -4*k + 3 = -29. Let n = 6 - 6. Let i = n + k. What is the units digit of i?
8
Let k(d) = -44*d - 7. What is the units digit of k(-2)?
1
Suppose 4*m + 22 = j, m - 51 = -5*j + 164. Suppose -60 - 27 = 3*a. Let f = a + j. What is the units digit of f?
3
Suppose 3*l - 29 = 5*u, 2*l + 5*u - 11 = -0*l. Suppose 5*t + 0*p - l = 3*p, -2*p = -2*t. What is the units digit of t?
4
Let g(i) = i**2 - 7*i + 8. Let v be g(6). Suppose 3*z + v*a - 3*a = 16, -a = 1. Suppose 0*w - q + z = w, -1 = -2*w - 5*q. What is the units digit of w?
8
Let n(f) = 38*f**2 - f + 1. What is the units digit of n(1)?
8
Let d(u) = 3*u**3 - 12*u**2 + u - 9. Let c(t) = -2*t**3 + 8*t**2 - t + 6. Let b(r) = 8*c(r) + 5*d(r). What is the units digit of b(3)?
3
Let y(u) = u**3 - 3*u**2 + 4*u - 3. What is the units digit of y(3)?
9
Let d(j) = 2*j - 3. Let p be d(3). Suppose -33 = p*x - 6*x. What is the units digit of x?
1
Let c(n) = n**2 - 6*n + 2. Let a be c(6). Let x be 9/(a + 1) + 49. Suppose -s = 3*s - x. What is the tens digit of s?
1
Let q(x) = -x - 3. Let r be q(-4). Let g(h) = 3*h**3 + h**2. Let z be g(r). Suppose o + 2*s + 50 = 4*o, 76 = 5*o + z*s. What is the tens digit of o?
1
Let n = -63 + 162. What is the tens digit of n?
9
Suppose 7*a - 51 = 4*a. Suppose -o + 2*l - l + 5 = 0, -l = -4*o + a. What is the units digit of o?
4
Suppose 3*a = 514 + 251. What is the units digit of a?
5
Suppose 0 = 45*s - 53*s + 520. What is the units digit of s?
5
Let m = -6 - -17. Let w = 12 - m. What is the units digit of w?
1
Let l(r) = r**2 - 4*r + 2. Let g be l(3). Let f = 3 - g. Suppose 3*p - 31 = -2*p - 3*d, f*d + 52 = 5*p. What is the units digit of p?
8
Let w = -254 + 434. What is the tens digit of w?
8
Let h(q) = -3*q - 1. Let u(k) = -k**3 + 5*k**2 + 5*k + 5. Let l be u(6). Let v be h(l). What is the units digit of -2 - -12 - (-1 + v)?
9
Let h be 2/((-1 - -3)*-1). Suppose 4*i - 3*i = 0. What is the tens digit of (13*-1)/(i + h)?
1
Let q(n) = -5*n**3 + n + 1. Let f be q(-1). Suppose j + 28 - 7 = -5*m, 5*j = f*m + 15. Let h = j + 9. What is the units digit of h?
8
Let a = 148 - 79. What is the tens digit of a?
6
Let m be (-16)/6*9/(-6). Let k be m + -2 + 1 + -1. Let v = k - -4. What is the units digit of v?
6
Let u(b) = b**3 + 8*b**2 + b - 1. Let d be u(-7). Suppose -19 = -5*r + d. What is the units digit of r?
2
What is the units digit of (-2)/4 - 147/(-6)?
4
Suppose 3*s - 13 = 5. What is the tens digit of 1 - (1 - s)*3?
1
What is the units digit of (-1464)/(-28) - 2/7?
2
Let q(m) = -m**2 + 4*m + 2. Let i(w) = 3*w**2. Let c be i(1). Let y be q(c). Suppose r - 7 + y = 0, -7 = -5*z - r. What is the units digit of z?
1
Let l(x) = x**2 - x - 5. Let o be l(6). Let k = -3 + 9. Suppose y + o = k*y. What is the units digit of y?
5
Let c(x) be the third derivative of 0*x - 1/12*x**4 + 0 + 1/60*x**5 - x**2 - 1/6*x**3. What is the units digit of c(4)?
7
Let m be (-9)/(-6) + (-3)/6. Suppose 2*v - 9 = m. What is the units digit of v?
5
Suppose -b - 65 = -2*b. What is the units digit of b?
5
Let x(o) = -258*o - 6. What is the hundreds digit of x(-1)?
2
Let b(s) = 8*s + 127. What is the units digit of b(0)?
7
Let g(c) = -c**3 + 7*c**2 + c - 4. Suppose -5*n + 0*p + 2*p = -35, 0 = -5*n + 3*p + 35. Let a be g(n). Suppose 2*b - a = b. What is the units digit of b?
3
Let x(r) = -r + 5*r**2 + r**3 - 3*r + 2*r + 2. What is the units digit of x(-5)?
2
Let j = -2 - 1. Let s = j - -5. Suppose -3*y = -8*y + 4*q + 24, 0 = 2*q + s. What is the units digit of y?
4
What is the tens digit of 2/2 + -14*(-36)/8?
6
Suppose 7 = 3*b - 11. What is the units digit of 63/12*16/b?
4
Suppose 0 = -q - 4*c + 22, 0 = -0*q - q + c + 42. Let y = q + -21. What is the tens digit of y?
1
Suppose 315 = 5*l + 4*l. What is the tens digit of l?
3
Suppose 30 + 14 = -4*x. What is the tens digit of 10 + x - 11/(-1)?
1
Let w be 108/8*(-2)/(-3). Let k = w - -12. What is the tens digit of k?
2
Suppose 4*q + 4 = 4. Let p(h) = -h**2 + h**3 + h + 0*h**3 + 4 + 4. What is the units digit of p(q)?
8
Let t be 1 + -2 + 3 + 20. Suppose 0*h = h + 3, -m + 28 = -5*h. Let l = t - m. What is the units digit of l?
9
Let t = -365 + 566. What is the units digit of t?
1
Let k(g) = g**3 - 9*g**2 + 2*g - 8. Let t be (1 - 0)*2 - -10. Suppose -5*q = 3*y - 60, 3*q + 5 = 4*y + t. What is the units digit of k(q)?
0
Suppose 0*y - 5*y + 3*j = -92, -5*y - 5*j = -100. What is the tens digit of y?
1
Suppose -s = s - 32. Suppose -14 - s = -3*p. What is the units digit of p?
0
Let d be -1 + (-2)/((-2)/(-7)). Let z = d + 8. Suppose a + 5*l + 9 = z, 0*a = a - l - 3. What is the units digit of a?
1
Suppose -h = -2*h, 0 = -5*d + 2*h + 35. Suppose 0 = -2*y + 49 - d. What is the tens digit of y?
2
Suppose 2*p - 2*l = 3*l - 66, -l + 36 = -p. Let c = -21 - p. What is the units digit of c?
7
Suppose -3*i = 4*y - 38, -3*y = -8*y + i + 38. Suppose 3*m + 0*m - y = -u, -4 = 4*u. What is the units digit of m?
3
Suppose 2*k - c = 103, -k + c + 4*c + 38 = 0. What is the units digit of k?
3
Suppose 0 = 4*y - 4*t - 0*t - 80, -43 = -2*y + t. What is the units digit of y?
3
Suppose 0 = 3*i - 3*r + 30, -i - 2*r - 8 = i. Let s = 14 + i. What is the units digit of s?
7
Suppose 306 - 124 = x. What is the tens digit of x?
8
Suppose -6 = -2*n + 48. What is the units digit of n?
7
Let i(w) = w**2 - 2*w - 3. Let v be 14/(-4) - 9/(-6). Let c be i(v). Suppose 5*d = -c*r + 30 + 5, d = 2*r - 2. What is the units digit of r?
3
What is the units digit of